s divided by i(11)?
26
Suppose 5*w + 4 + 3 = 3*r, -4*w = -r. Suppose z + 3*z - 72 = 0. Let g = z - 15. What is the remainder when r is divided by g?
1
Let k = 30 - 11. Suppose i - 9 = 2*c, -5*i - c - 1 = -24. What is the remainder when k is divided by i?
4
Let c(p) = p**2 + 36*p + 281. What is the remainder when 267 is divided by c(-10)?
15
Let w(u) = -u**2 - 7*u - u - 5*u - 1 + 19. What is the remainder when w(-11) is divided by 11?
7
Let k be 10*-3*(33/9 - 4). What is the remainder when (235/k)/(4/8) is divided by 16?
15
Let u(k) = -26*k + 6 + 12*k + 13*k. Calculate the remainder when u(-12) is divided by 10.
8
Suppose -471*d + 472*d - 273 = 0. What is the remainder when d is divided by 46?
43
What is the remainder when 544 is divided by ((-160)/6 + -4)*27/(-36)?
15
Let i(t) = t**3 - 7*t**2 + 10*t + 6. Let o be i(5). Suppose 0 = -2*z + o, -2*q + 38 = -q + z. What is the remainder when q is divided by 6?
5
Let s = 488 + -444. Calculate the remainder when 123 is divided by s.
35
Suppose 171 + 69 = 24*u. Calculate the remainder when 26 is divided by u.
6
Suppose -2*k - j = -179, -k + 37 = -4*j - 30. Suppose 2*o = 71 + k. What is the remainder when o is divided by 8?
7
Suppose -2*i - 4*n + 50 = 0, -2*i + 3*n + n + 74 = 0. What is the remainder when 95 is divided by i?
2
Suppose 8 = 2*p - g, 12 = 2*p + 2*p - 3*g. Let v = 2 + 0. What is the remainder when 49/3 - v/(-3) is divided by p?
5
Suppose -187 = 5*x - 6*x. Calculate the remainder when x is divided by (-196)/(-28)*54/4*(-4)/(-6).
61
Suppose -7*g + 30 = -2*g. Let p = 141 + -126. Calculate the remainder when p is divided by g.
3
Calculate the remainder when (324/16 + 1)*4 is divided by 31.
23
Suppose -8*s + 7*s + 321 = 2*a, 0 = 3*s - 4*a - 913. Calculate the remainder when s is divided by 52.
51
Let l = 1 - -118. What is the remainder when l is divided by 24?
23
Suppose -4 = 2*v, 5*v + 3 = -9*b + 10*b. What is the remainder when 15/((-2)/b + (-3)/(-63)) is divided by 7?
3
Suppose 3*b + 2*f = -0*f + 199, -4*f = -b + 71. Let x = -16 - -33. Calculate the remainder when b is divided by x.
16
Let m(n) = -n**2 - 14*n - 10. Calculate the remainder when m(-12) is divided by ((-120)/(-72))/((-2)/(-6)).
4
Let q(h) = 25*h**2 + h + 1. Calculate the remainder when 238 is divided by q(1).
22
Suppose -14*q + 1763 + 1863 = 0. What is the remainder when q is divided by 52?
51
Let l be (14/49)/(1/14). Suppose -l*q + 61 = 2*b - 53, -3*q = -2*b - 82. Suppose 4*s - 8*s + q = 0. Calculate the remainder when s is divided by 3.
1
Suppose -1126 = 8*u - 1318. Calculate the remainder when 259 is divided by u.
19
Let g = 44 + -26. Suppose 6 = n + 2. Calculate the remainder when g is divided by n.
2
Suppose w = 3*o - 41, 2*w = 3*o - 0*w - 43. What is the remainder when 40 is divided by o?
1
Let k(v) = -6*v + 46. Calculate the remainder when k(-17) is divided by 75.
73
Suppose -47*k + 62*k - 585 = 0. Calculate the remainder when 817 is divided by k.
37
Suppose 4*n = 3*y + 30, -3*n - 2*y + 12 + 2 = 0. Let h = -4 + n. Let a(f) = 4*f + 38. Calculate the remainder when a(-9) is divided by h.
0
Let a(q) = -q**2 - 5*q - 2. Let t be a(-2). Let g be 4 - (-4 + 7 - t). What is the remainder when (-8 + 16)*g*1 is divided by 21?
19
Calculate the remainder when (240 - -3) + ((-100)/(-5))/(-5) is divided by 20.
19
Suppose 0 = -g + 8*g - 364. What is the remainder when 193 is divided by g?
37
Let j = 2 + 1. Calculate the remainder when -4*(-4 - (-105)/(-12)) is divided by (-4)/(-6) - (-52)/j.
15
Suppose -5*f + 2*q + 16 = 7, 2*f = -5*q + 21. What is the remainder when 31 is divided by f?
1
Suppose -265 = -3*m + x, -5*m + 2*x + 441 = x. Suppose -20*t + 24*t = m. Calculate the remainder when t is divided by 14.
8
Suppose -72 = -24*r + 20*r. Suppose -9 = 4*o - 141. Calculate the remainder when o is divided by r.
15
Let d = 268 - 241. Calculate the remainder when 107 is divided by d.
26
Suppose -5*j + 4*s = -166, 2*s - 134 = -5*j - 2*s. Suppose 12*a = 133 + 71. Calculate the remainder when j is divided by a.
13
Let b(q) = -q**2 - 12*q - 14. Let d be b(-10). Suppose 3*h = d*h - 93. Calculate the remainder when h is divided by 11/(231/6) + (-220)/(-14).
15
Let s(r) = -r**3 + 7*r**2 + 11*r - 19. Let m be s(8). Suppose -1 - 3 = -i - 5*b, m*i + b - 44 = 0. What is the remainder when i is divided by 3?
0
Suppose b - 6*b + 235 = 0. Suppose -4*k = -b - 17. Calculate the remainder when 45 is divided by k.
13
Suppose -5*v + 15 = -4*v. Suppose 0 = 5*a - 2*i - 28, -5*a = -0*a + 3*i - 33. What is the remainder when v is divided by a?
3
Suppose 13*u = 20*u - 1449. Calculate the remainder when u is divided by 42.
39
Let x = 1796 + -1700. Suppose -4*o = -20 - 20. What is the remainder when x is divided by o?
6
Let i be (-1 - (-1)/(-2))/(8/112). Suppose 5*t - t = 4. Calculate the remainder when 74 is divided by (t - i) + (7 - 10).
17
Let i = 238 - 212. Let b be (-2)/7 + 8/28. Suppose -21 = -3*q - b*q. Calculate the remainder when i is divided by q.
5
Suppose 11*y = 1159 - 1093. What is the remainder when 231 is divided by y?
3
Let a(c) = 3*c**2 + 2*c - 1. Let u be (1 - 0)/(6 - 5). Suppose -4*h = -5*i + 2, 0*i - 2*h = 4*i - 12. Calculate the remainder when a(u) is divided by i.
0
Calculate the remainder when 392/2 + 9 + 6 is divided by 33.
13
Let n be (2 + 2/(-4))*(-16)/(-6). Let u(w) = 2*w**2 - 5*w - 2. Calculate the remainder when 88 is divided by u(n).
8
Suppose 4*u + 33 = 3*y + 3*u, u - 37 = -4*y. Suppose -5*z + 296 = -94. What is the remainder when z is divided by y?
8
Suppose -3*d = -2*s + 191, -4*s = -d - 115 - 262. Suppose -11*u + 65 + 67 = 0. What is the remainder when s is divided by u?
10
Let d(p) = 6*p - 49. Suppose -11 = -a - 2. What is the remainder when d(11) is divided by a?
8
Let c = 27 - 25. Suppose c*w = 5*w - 66. Calculate the remainder when w is divided by 12.
10
Let c = 29 - 9. Suppose -118*r + 103*r = -1185. What is the remainder when r is divided by c?
19
Let i(y) = y**3 - 11*y**2 + y - 1. Let m = -21 + 32. Let f be i(m). What is the remainder when 69 is divided by (54/15)/(3/f)?
9
Let x(y) = -4*y + 7. Suppose -3*g - 20 = 4. Let c = 1 + g. Calculate the remainder when x(c) is divided by 9.
8
Suppose 3*n - 113 = -23. Let x be (n/(-5))/(1/(-2)). What is the remainder when 55 is divided by 3/x + 165/12?
13
Let w(g) = 3*g**2 - 24*g + 1. Let j be w(10). Let r = j + 4. What is the remainder when r is divided by 26?
13
Suppose -73*b = -82*b + 441. Calculate the remainder when b is divided by 3.
1
Let g(u) = u**2 + 3*u**2 - 10*u**3 - 4 + 6*u**3 - 5*u**2. Let d(q) = 2*q**2 - 16*q - 2. Let x be d(8). Calculate the remainder when 71 is divided by g(x).
23
What is the remainder when 167 is divided by (6/3)/(3*2/66)?
13
Let q = 40 + -26. Let f(z) = -z + 47. What is the remainder when f(8) is divided by q?
11
Let x(a) be the second derivative of -a**5/20 + 3*a**4/4 - 9*a**2/2 + 7*a. Let b be x(7). What is the remainder when b/(2*(-1)/(-2)) is divided by 23?
20
Let h = 124 + -17. What is the remainder when h is divided by 4 + 24 + -4 + -2?
19
Let u(m) = m - 8. Calculate the remainder when u(9) is divided by 3 - (-2 + 4 + 0).
0
Let q(z) = z - 15. Let a be q(19). Suppose -2*i = -7*o + a*o - 26, 0 = 2*i + 2*o - 6. Calculate the remainder when 12 is divided by i.
5
Suppose -2*s + 12579 = 5*s. What is the remainder when s is divided by 24?
21
Let y = -12 - -12. Suppose -3*i + 2*i + 7 = y. Calculate the remainder when 18/(-4)*(-32)/6 is divided by i.
3
Let z = 23 + -17. Let o be z/9*(0 - 30). Let d = -7 - o. What is the remainder when d is divided by 8?
5
Let g(w) = w**3 + 8*w**2 + 4*w - 9. Let t be g(-8). What is the remainder when 159 is divided by (1 - 0)*-1 - t?
39
Let u(c) = -13*c**3 - 19*c**2 - 4*c - 7. Let k(w) = -8*w - 1. What is the remainder when u(-2) is divided by k(-2)?
14
Let z(d) = d - 1. Let t be z(-3). Calculate the remainder when 3*(5 + (3 - 1)) is divided by t + (34/2 - 1).
9
Let y(u) = 6*u + 4. Let o(r) = -r**2 - 7*r + 5. Let l be o(-7). Suppose -l*w - 5*q = -50, -2*w + 14 = -w - q. What is the remainder when y(3) is divided by w?
10
Let k(z) = -12 + 0*z**2 - 12*z + 2*z**2 - z**2 + 6*z**2 + z**3. Calculate the remainder when 57 is divided by k(-8).
17
Suppose -4*s - 6 = -s. Let q(i) = -10*i. What is the remainder when (-268)/(-7) + 